
Let n(r) be the third derivative of r**4/8 - 5*r**3/3 - 122*r**2. Give n(-9).
-37
Let d(z) = -z**2 + 8*z + 4. Let p = -487 - -285. Let h be (-3)/(-15) + p/10. Let g be (-112)/h + 3/(-5). Calculate d(g).
19
Let q be (-3)/9 - 20/(-6). Suppose -3*t = -2*j + 25, -q*t - 2 = -3*j + 25. Let u(r) = r - 2. What is u(t)?
-9
Let u be 1/((-1 + -2)/(-18)). Let k(n) = n - 11. Let f be k(u). Let o(a) = -14*a - 17. Let j(q) = 17*q + 21. Let y(p) = -5*j(p) - 6*o(p). Determine y(f).
2
Let g(x) = 2*x**2 + 5*x + 5. Let o be (-2 - 1/(-1))*(5 + 0). Calculate g(o).
30
Let q(o) = -8 + 4 + 4*o**3 + 1 + 3*o - o**2 + 0*o**2. Determine q(2).
31
Let p(i) be the second derivative of -i**5/20 - i**4/4 + i**3/2 + 3*i**2/2 - 15*i. Suppose 5*q - 2*q = -5*r - 5, 4 = q - 4*r. Let x = -3 + q. Give p(x).
-6
Let z(l) = -l**2 + 5*l - 1. Let p = 14 + -11. Let t be z(p). Let d(u) = 2*u - 7. Give d(t).
3
Suppose 115*b - 118*b + 2*g = 17, 5*b + 5*g = 30. Let t(a) be the first derivative of 11*a**4/4 - a**3/3 - 1. What is t(b)?
-12
Let y be (9/(-2))/(2/(-4)). Let a(p) = -3 - p**3 - 1 + 7 - y*p**2. Calculate a(-9).
3
Suppose 0 = -4*l - n + 39, 69 = 5*l - 3*n + 16. Let a(c) = -c + 14*c**2 + 10*c**2 - l*c**2. Determine a(-1).
15
Suppose -z + 5*z - 32 = 0. Let i(f) = -4*f + 15 + 3*f - 3*f + 3*f. Calculate i(z).
7
Let y(h) = -3*h + h**2 + h**2 - 65 + 66 + 2*h**3 - 3*h**3. What is y(3)?
-17
Let m(u) = 2*u**2 + 49*u + 64. Let k be m(-23). Let p(y) = y**3 + 5*y**2 + y - 7. Give p(k).
-12
Suppose 10 = 4*h + 2. Suppose -3 = -p + h*p. Let q(o) = 32 + 4*o - 3*o - 28. Calculate q(p).
1
Let l(w) be the second derivative of w**5/40 + w**4/8 + 3*w**3/2 + 14*w. Let u(s) be the second derivative of l(s). What is u(3)?
12
Suppose -435*n - 24 = -431*n. Let i(v) = -v**3 - 6*v**2 + v + 8. Calculate i(n).
2
Let a(v) = -v**3 + 4*v + 3. Let h(u) = -u**3 + 18*u**2 + 20*u - 21. Let g be h(19). Let j be (g + (-40)/(-25))*5. Determine a(j).
3
Let z(u) = u**3 - u**2 + 2. Let s(j) = 4*j - 62. Let h be s(16). Give z(h).
6
Suppose 3*u - 6*u + 6 = 0. Let c = -69 + 72. Let o(v) = c*v + 1702 - 1702. Determine o(u).
6
Let n(i) be the third derivative of -i**6/720 - i**5/40 + i**4/2 - 12*i**2. Let z(u) be the second derivative of n(u). Give z(-6).
3
Let l(a) = -13*a - 1. Suppose -3*w - 18 = -10*z + 7*z, 3*z - 2*w - 13 = 0. Calculate l(z).
-14
Let x(f) = -f + 3. Let q be (-5)/2*(-6)/3. Suppose -4*k = -t + 20, -q*k + 0 - 22 = -t. Let j be t/24*(-20)/(-2). What is x(j)?
-2
Let d(j) = 20*j + 5. Let t be d(-2). Let a = t - -29. Let p(x) = -x**3 - 7*x**2 - 7*x + 4. What is p(a)?
10
Let n(o) = 116 - 67 - 52 + 2*o + 3*o**2. Let m(t) = -t - 7. Let w be m(-5). Let x be (w + -2)/(-3 - -1). Determine n(x).
13
Suppose z = 3*o - 17, -2*o + 3*z = -7*o + 33. Let c(m) = m. Let d(u) = -3*u + 3. Let g(f) = o*c(f) + d(f). What is g(-7)?
-18
Let x = -550 - -556. Let s(b) = b**2 - 5*b - 2. Calculate s(x).
4
Let r(d) = 5*d + 6. Suppose 4*n - 3 = 5*c, -12 = n - 14*c + 17*c. Determine r(n).
-9
Let r(p) = -2*p. Let o(c) = c - 2. Let t(b) = o(b) + r(b). Let q = 57 - 53. Give t(q).
-6
Let f(v) = 2*v**3 - 15*v**2 + 5*v - 7. Let s(z) = -z**3 + 8*z**2 - 3*z + 4. Let o(g) = 4*f(g) + 7*s(g). Let y = -900 - -904. Calculate o(y).
-4
Let m(s) = -s + 11. Let t = 25 - -147. Let n = -172 + t. Determine m(n).
11
Suppose -3*w + 16 = 2*f, -5*w = 3*f - 44 + 18. Let s(m) = -3*m**2 + m - 454 + 2*m**2 + 452. Calculate s(f).
-4
Let t(j) = -5*j**3 - 2*j**2 + 1. Let w be t(-1). Let a(c) = -3*c - 2*c**3 - w*c**2 + c**3 + 106 - 104 - c**2. Suppose 16 = -3*l + 4. Calculate a(l).
-2
Let u = 82 - 80. Let v = 8 - 5. Suppose -o - u*o = -v. Let j(h) = 6*h + 1. Determine j(o).
7
Let i(a) = -a**3 - 5*a**2 - 3*a. Suppose -1 + 13 = -3*w, 4*w + 34 = 2*f. Suppose o + 3 = f. Let c = 2 - o. Give i(c).
-4
Let q(y) = y**2 - 8*y + 9. Suppose 4*p + 12 = 40. Suppose -p*k + 65 = 23. What is q(k)?
-3
Let m(v) = 22*v**2 + 294 - 295 - 2*v**2. Let f = 0 + -1. Determine m(f).
19
Let i(z) be the second derivative of -5/2*z**2 + 0 + 1/6*z**3 + 21*z. Give i(3).
-2
Let p be (-160)/(-50) - 12/(-15). Let w(q) be the third derivative of 0*q + 5*q**2 - 1/60*q**5 + 1/3*q**3 + 1/4*q**p + 0. What is w(6)?
2
Let l(i) = -i**3 + 2*i**2 + 5*i - 4. Let x be l(3). Suppose x*b = 5*q + 3*b + 68, b + 16 = -q. Let d = -19 - q. Let m(j) = -j**2 - 8*j - 9. Determine m(d).
3
Suppose 0 = 2*l - 7*l + 30. Let g(x) = -x + 2*x - x**3 + 1 + 6*x**3 - 4*x**3 + l*x**2. Give g(-6).
-5
Let k = 5 + -3. Let j(t) = -3*t**3 + 4*t**2 - 3*t. What is j(k)?
-14
Let s(l) = 14*l + 6. Let v(m) = -5*m - 2. Let b(y) = -4*s(y) - 11*v(y). Let w = -199 + 197. What is b(w)?
0
Let p(v) = 6*v - 1. Let s(d) = d - 2. Let k(o) = p(o) - 2*s(o). Calculate k(6).
27
Suppose 0 = 3*o + 39 - 36. Let b = o + 1. Let k(r) = -r + 16. What is k(b)?
16
Let g(i) = i**3 + 6*i**2 + 7. Let r(p) = p**2 + 16*p + 17. Let z be r(-15). Suppose -s + z = 8. Calculate g(s).
7
Let d(s) = -8*s**2 + 3. Let v(q) = q**2 - 1. Let a(w) = d(w) + 2*v(w). Let i = -383 + 617. Let l = -235 + i. Give a(l).
-5
Let w(k) = -k**3 + 11*k**2 - 8*k - 25. Suppose 2*a = -3*p + 29, 9*a - 11*a + 3*p + 11 = 0. Calculate w(a).
-5
Let p(m) = -m**2 + 5*m - 1. Let a(t) = -t**3 + 9*t**2 - t + 11. Let j be a(9). Suppose -12 + 2 = -j*r. Determine p(r).
-1
Let n(l) = -2*l - 1 + 4765*l**3 - 4766*l**3 - 5*l**2 + 5. Calculate n(-5).
14
Let f = -74 + 89. Suppose -4*x = -7*x + f. Let i(k) = k**3 - 7*k**2 + 5*k + 1. Determine i(x).
-24
Let g(v) be the second derivative of -v**3/6 + 3*v**2/2 - 143*v. Give g(-4).
7
Let a(r) = 0 - 1 + 8*r - 4 + 7. Let o = 14 - 10. Let j(i) = i**3 - 3*i**2 - 5*i + 2. Let l be j(o). Determine a(l).
-14
Let t = 154 + -72. Suppose 3*o - 26 - t = 0. Suppose 2*f = 11*f + o. Let d(h) = h**3 + 6*h**2 + 4*h - 5. What is d(f)?
11
Let a = -39 + 44. Let w(x) = 7*x + x**3 - 2 - a*x - 7*x**2 + 3*x**2. Suppose -4 = -4*h - 3*s, 0 = 2*h + 5*s + 12. Give w(h).
6
Let o(x) = -x**3 + x - 4. Suppose 5*u + 3*v = 6, -4*v = u + 1 + 8. Let z = u + -3. Give o(z).
-4
Let b be 2/8 - 22/(-8). Let m(q) = 76*q**3 - 2*q - 155*q**3 + 78*q**3 + 5*q**2. Give m(b).
12
Let z(x) = 2*x**3. Let h(a) = -2*a**3 - 1. Let m be h(-1). What is z(m)?
2
Suppose 0 = -2*t - 9 - 1. Let j(r) = -r**3 - 5*r**2 - 2*r - 6. Let v be j(t). Suppose -v = 2*l - l. Let s(g) = g + 2. Give s(l).
-2
Let g(l) = -l - 5. Suppose -82*q - 270 = -109*q. Calculate g(q).
-15
Suppose -22 + 2 = -5*y. Let d(c) = c + 1 + y + 5 - 3. What is d(-8)?
-1
Let t(b) be the second derivative of -b**4/12 - b**3/6 - b**2 + 259*b - 2. Give t(3).
-14
Let r(g) = g**2 + 3*g + 2. Suppose 12*j + 18 = 3*j. Calculate r(j).
0
Let d(w) = 3*w - 19. Let u(i) = -4*i + 21. Let m(j) = 7*d(j) + 6*u(j). What is m(-6)?
11
Suppose 0*l - 6 = -3*l. Let d(y) = -l + 2 - 7*y. Suppose -11*m + 19 = 8*m. Determine d(m).
-7
Let b(w) = w**3 - 11*w**2 - w + 9. Let q(d) = -d**2 + 1. Let r(h) = -b(h) + 3*q(h). Suppose 0*o - 40 = -5*o. Calculate r(o).
2
Let w(i) = 4*i**3 + i**2 - i. Suppose 4*h - 44 + 16 = 0. Let b = 15 - 9. Let y = h - b. Give w(y).
4
Let j(o) be the second derivative of -o**4/12 - 7*o**3/6 - 5*o**2/2 - 4*o. Calculate j(-6).
1
Let m(q) be the first derivative of q**5/20 + 5*q**4/12 + q**3/2 - q**2/2 + 11*q - 6. Let k(s) be the first derivative of m(s). What is k(-4)?
3
Let z be (1 + -4 - -3)/(-2). Let n(l) = z + 8 + 36*l - 35*l. Determine n(-4).
4
Let y(o) = -20*o**3 + 10*o**2 + o + 13. Let i(x) = 9*x**3 - 5*x**2 - 6. Let q(k) = -9*i(k) - 4*y(k). What is q(4)?
2
Let r(u) = u**2 + 58*u + 57*u - 117*u. Determine r(-5).
35
Let y(g) = g + 23. Let j be y(16). Let r = j + -21. Suppose -2*b + 2*p - r = 0, 5*p - 26 = -11. Let k(f) = -f**2 - 6*f - 5. Calculate k(b).
-5
Let c(g) = g**2 + 7*g + 7. Let x(r) = 7*r**2 + 8*r + 7 - 8*r - 6*r**2 + 7*r. Let b(n) = -4*c(n) + 5*x(n). Determine b(-6).
1
Suppose 7*f - 38 = 18. Let j(g) = f + 3*g + 7*g - 11*g. Let s be 6/(-21) - (-51)/7. What is j(s)?
1
Let h(n) be the second derivative of n**5/20 + n**4/4 - 7*n**3/6 - 2*n**2 + 171*n. Determine h(-5).
-19
Let y(w) be the third derivative of -w**5/60 + 5*w**4/24 + 2*w**3/3 - 14*w**2 - 16. What is y(5)?
4
Let n(s) = -2*s**3 + s - 2. Suppose 7*o - 8*o - 81 = 0. Let m = -79 - o. Give n(m).
-16
Let m(q) = -3*q + 1. Let x(a) = 4*a. Suppose 0*k + 2*w = 2*k - 8, -5*k - 3*w = -4. Let p(b) = k*m(b) + 3*x(b). Calcula